ded by 142?
140
Calculate the remainder when 2007953 is divided by 3020.
2673
Calculate the remainder when 29889 is divided by 531.
153
Calculate the remainder when 197050699 is divided by 661.
650
Calculate the remainder when 2232306 is divided by 106300.
6
What is the remainder when 12564679 is divided by 20?
19
What is the remainder when 438499 is divided by 5480?
99
Calculate the remainder when 11244 is divided by 5599.
46
Calculate the remainder when 608817 is divided by 175.
167
Calculate the remainder when 382248 is divided by 42453.
171
What is the remainder when 994200 is divided by 158?
64
What is the remainder when 25440 is divided by 3521?
793
Calculate the remainder when 606745 is divided by 67399.
154
What is the remainder when 3711400 is divided by 36?
16
What is the remainder when 278093 is divided by 5367?
4376
Calculate the remainder when 108793470 is divided by 13599183.
6
Calculate the remainder when 429768 is divided by 50.
18
Calculate the remainder when 1870677 is divided by 93533.
17
Calculate the remainder when 184346 is divided by 7681.
2
What is the remainder when 3865 is divided by 1762?
341
What is the remainder when 288469593 is divided by 6151?
6146
Calculate the remainder when 41513 is divided by 13737.
302
What is the remainder when 14001601 is divided by 6043?
6013
What is the remainder when 200487 is divided by 20044?
47
Calculate the remainder when 802979 is divided by 270.
269
Calculate the remainder when 273062 is divided by 161.
6
What is the remainder when 2140 is divided by 80?
60
What is the remainder when 149179967 is divided by 6048?
6047
What is the remainder when 154740668 is divided by 576?
572
What is the remainder when 566529 is divided by 47?
38
What is the remainder when 1577838 is divided by 4457?
60
Calculate the remainder when 25759563 is divided by 34484.
15
Calculate the remainder when 601221 is divided by 7604.
505
Calculate the remainder when 982932 is divided by 6925.
6507
What is the remainder when 6013519 is divided by 1002247?
37
What is the remainder when 4729760 is divided by 2532?
2516
Calculate the remainder when 40583 is divided by 13141.
1160
What is the remainder when 8074846 is divided by 386?
112
What is the remainder when 541604 is divided by 137?
43
What is the remainder when 2153966 is divided by 30?
26
Calculate the remainder when 15949880 is divided by 7974912.
56
Calculate the remainder when 295158 is divided by 15.
3
What is the remainder when 1099761 is divided by 8268?
117
What is the remainder when 41442713 is divided by 1128?
1121
Calculate the remainder when 120024 is divided by 29984.
88
Calculate the remainder when 7733834 is divided by 19.
17
What is the remainder when 26003460 is divided by 8667818?
6
What is the remainder when 351959 is divided by 1044?
131
Calculate the remainder when 1336165 is divided by 1169.
1167
Calculate the remainder when 2832527 is divided by 14.
5
Calculate the remainder when 21777135 is divided by 358.
353
Calculate the remainder when 2111106 is divided by 1055548.
10
What is the remainder when 8258908 is divided by 118?
88
What is the remainder when 46255090 is divided by 78?
76
What is the remainder when 21169875 is divided by 20?
15
What is the remainder when 4482335 is divided by 11178?
11135
What is the remainder when 105057 is divided by 34960?
177
Calculate the remainder when 130288 is divided by 21709.
34
Calculate the remainder when 18928533 is divided by 889.
834
Calculate the remainder when 287419 is divided by 28.
27
Calculate the remainder when 14788208 is divided by 78.
32
Calculate the remainder when 430922 is divided by 33003.
1883
Calculate the remainder when 553760 is divided by 134.
72
Calculate the remainder when 2459516 is divided by 1344.
1340
Calculate the remainder when 14835551 is divided by 4945161.
68
What is the remainder when 346114 is divided by 736?
194
What is the remainder when 1393192 is divided by 46?
36
Calculate the remainder when 91326 is divided by 1100.
26
Calculate the remainder when 7005 is divided by 1586.
661
What is the remainder when 13955723 is divided by 226?
223
What is the remainder when 4099156 is divided by 2554?
2540
Calculate the remainder when 138904 is divided by 22738.
2476
What is the remainder when 3881 is divided by 2166?
1715
What is the remainder when 892615 is divided by 99?
31
Calculate the remainder when 562821 is divided by 210.
21
What is the remainder when 5098576 is divided by 5257?
4543
What is the remainder when 79212780 is divided by 81916?
8
Calculate the remainder when 1205950 is divided by 2831.
2775
Calculate the remainder when 52018029 is divided by 403.
401
What is the remainder when 890068 is divided by 5111?
754
Calculate the remainder when 33732309 is divided by 394.
393
What is the remainder when 344519 is divided by 330?
329
What is the remainder when 7070108 is divided by 4101?
4085
Calculate the remainder when 710359 is divided by 1214.
169
Calculate the remainder when 171950 is divided by 171782.
168
What is the remainder when 32695 is divided by 158?
147
What is the remainder when 10795 is divided by 389?
292
What is the remainder when 89454033 is divided by 1054?
1053
Calculate the remainder when 9904 is divided by 1516.
808
What is the remainder when 403906360 is divided by 721?
718
Calculate the remainder when 961216 is divided by 27461.
81
What is the remainder when 1422847 is divided by 5580?
5527
What is the remainder when 147075 is divided by 129?
15
What is the remainder when 101659 is divided by 12725?
12584
Calculate the remainder when 209378 is divided by 3119.
405
What is the remainder when 2604192 is divided by 223?
221
What is the remainder when 5048121 is divided by 12?
9
What is the remainder when 3598395 is divided by 92?
91
What is the remainder when 2462851 is divided by 4359?
16
Calculate the remainder when 1192072 is divided by 4638.
106
What is the remainder when 15371 is divided by 14186?
1185
Calculate the remainder when 1598695 is divided by 153.
151
What is the remainder when 39295267 is divided by 24?
19
Calculate the remainder when 670008 is divided by 55833.
12
What is the remainder when 591918 is divided by 146?
34
What is the remainder when 177183 is divided by 3831?
957
Calculate the remainder when 899773 is divided by 2632.
2261
What is the remainder when 19979 is divided by 4991?
15
What is the remainder when 714005 is divided by 120?
5
What is the remainder when 1046978 is divided by 2172?
74
What is the remainder when 102071 is divided by 299?
112
Calculate the remainder when 1375608 is divided by 746.
730
Calculate the remainder when 89695 is divided by 1574.
1551
Calculate the remainder when 164496 is divided by 25.
21
What is the remainder when 1204681 is divided by 72?
49
What is the remainder when 2628166 is divided by 114266?
48
Calculate the remainder when 628284 is divided by 130.
124
Calculate the remainder when 223648 is divided by 25.
23
Calculate the remainder when 13158 is divided by 206.
180
What is the remainder when 20450038 is divided by 38?
34
What is the remainder when 15740758 is divided by 28?
26
Calculate the remainder when 11442322 is divided by 1430289.
10
Calculate the remainder when 20414 is divided by 5055.
194
What is the remainder when 1264415 is divided by 53?
47
What is the remainder when 9241757 is divided by 27?
8
What is the remainder when 6373348 is divided by 21?
16
Calculate the remainder when 478198114 is divided by 94.
92
What is the remainder when 2716899 is divided by 179?
37
What is the remainder when 4253404 is divided by 2704?
12
Calculate the remainder when 34846077 is divided by 48.
45
Calculate the remainder when 48875947 is divided by 102.
97
Calculate the remainder when 65122 is divided by 373.
220
Calculate the remainder when 381833 is divided by 23851.
217
What is the remainder when 255795 is divided by 796?
279
Calculate the remainder when 4763159 is divided by 23.
20
Calculate the remainder when 932 is divided by 155.
2
What is the remainder when 7873245 is divided by 3936617?
11
Calculate the remainder when 140250089 is divided by 35062519.
13
Calculate the remainder when 1073581 is divided by 26.
15
Calculate the remainder when 11538428 is divided by